e remainder when 26163405 is divided by 1308170.
5
Calculate the remainder when 13044 is divided by 1844.
136
Calculate the remainder when 1893056 is divided by 19516.
4
Calculate the remainder when 91721 is divided by 22.
3
Calculate the remainder when 2840586 is divided by 1420290.
6
Calculate the remainder when 170175 is divided by 524.
399
What is the remainder when 7871032 is divided by 23?
18
Calculate the remainder when 225490 is divided by 621.
67
Calculate the remainder when 227687 is divided by 2528.
167
What is the remainder when 31664 is divided by 2634?
56
What is the remainder when 5037769 is divided by 11245?
9
What is the remainder when 206896 is divided by 1362?
1234
Calculate the remainder when 1628505 is divided by 5734.
49
What is the remainder when 38533380 is divided by 308267?
5
What is the remainder when 91181867 is divided by 246?
245
Calculate the remainder when 2002133 is divided by 2002114.
19
What is the remainder when 272710942 is divided by 1584?
1582
What is the remainder when 86454879 is divided by 1115?
9
Calculate the remainder when 1006631 is divided by 19.
11
Calculate the remainder when 3735023 is divided by 1244879.
386
Calculate the remainder when 26039 is divided by 15229.
10810
What is the remainder when 16083558 is divided by 4020885?
18
Calculate the remainder when 23732215 is divided by 7291.
10
Calculate the remainder when 83074 is divided by 83043.
31
Calculate the remainder when 573055 is divided by 491.
58
Calculate the remainder when 113464 is divided by 9.
1
What is the remainder when 868558 is divided by 41?
14
Calculate the remainder when 3684371 is divided by 4423.
12
Calculate the remainder when 9743796 is divided by 2365.
2361
Calculate the remainder when 448043 is divided by 40729.
24
What is the remainder when 496089 is divided by 82515?
999
What is the remainder when 60954061 is divided by 1145?
1131
What is the remainder when 153953 is divided by 639?
593
Calculate the remainder when 25895565 is divided by 336306.
3
What is the remainder when 1386285 is divided by 3222?
825
Calculate the remainder when 163165 is divided by 16305.
115
Calculate the remainder when 216836 is divided by 5036.
288
What is the remainder when 33144562 is divided by 33144515?
47
Calculate the remainder when 167122 is divided by 3148.
278
What is the remainder when 73341448 is divided by 17?
14
Calculate the remainder when 24687040 is divided by 468.
40
Calculate the remainder when 26668 is divided by 3807.
19
Calculate the remainder when 337328 is divided by 11.
2
Calculate the remainder when 822468 is divided by 603.
579
What is the remainder when 124781 is divided by 762?
575
What is the remainder when 3485930 is divided by 3096?
2930
What is the remainder when 241749 is divided by 1692?
1485
What is the remainder when 13007240 is divided by 7454?
10
What is the remainder when 198216 is divided by 10317?
2193
What is the remainder when 593157 is divided by 8?
5
What is the remainder when 16402651 is divided by 8633?
8584
Calculate the remainder when 3849993 is divided by 682.
103
What is the remainder when 38478322 is divided by 14?
8
Calculate the remainder when 7199166 is divided by 47676.
90
What is the remainder when 165452415 is divided by 15?
0
Calculate the remainder when 102503717 is divided by 3109.
3096
What is the remainder when 9415413 is divided by 627685?
138
Calculate the remainder when 71380 is divided by 588.
232
What is the remainder when 7252831 is divided by 20?
11
Calculate the remainder when 135367 is divided by 1148.
1051
What is the remainder when 431613 is divided by 4497?
4398
Calculate the remainder when 5726506 is divided by 30460.
26
What is the remainder when 100550645 is divided by 8611?
8609
What is the remainder when 4164014 is divided by 416382?
194
Calculate the remainder when 159781 is divided by 34.
15
What is the remainder when 5403783 is divided by 1141?
7
What is the remainder when 577957 is divided by 1186?
375
Calculate the remainder when 56761707 is divided by 28380849.
9
Calculate the remainder when 31903 is divided by 29519.
2384
Calculate the remainder when 982421 is divided by 4889.
4621
What is the remainder when 278677 is divided by 299?
9
What is the remainder when 17730980 is divided by 886548?
20
Calculate the remainder when 18860631 is divided by 402.
399
What is the remainder when 22621283 is divided by 3335?
3313
Calculate the remainder when 192836 is divided by 180.
56
What is the remainder when 1044807 is divided by 6530?
7
Calculate the remainder when 779868 is divided by 37.
19
Calculate the remainder when 202786 is divided by 16818.
970
What is the remainder when 352053 is divided by 3295?
2783
What is the remainder when 11866 is divided by 801?
652
What is the remainder when 637609 is divided by 5405?
5224
What is the remainder when 65328 is divided by 21760?
48
Calculate the remainder when 1724132 is divided by 171.
110
What is the remainder when 6444741 is divided by 1013?
35
What is the remainder when 1817930 is divided by 914?
898
What is the remainder when 264467 is divided by 29011?
3368
What is the remainder when 464819745 is divided by 2911?
2909
Calculate the remainder when 2451675 is divided by 817189.
108
Calculate the remainder when 467460 is divided by 530.
0
Calculate the remainder when 1017495 is divided by 99.
72
What is the remainder when 679759 is divided by 18827?
1987
Calculate the remainder when 642764 is divided by 12855.
14
What is the remainder when 5428744 is divided by 798?
748
Calculate the remainder when 17152 is divided by 1204.
296
Calculate the remainder when 307409 is divided by 84.
53
What is the remainder when 42274 is divided by 1578?
1246
Calculate the remainder when 5459780 is divided by 43.
27
Calculate the remainder when 136742 is divided by 2106.
1958
Calculate the remainder when 13402325 is divided by 225.
200
What is the remainder when 5142522 is divided by 778?
720
Calculate the remainder when 98271 is divided by 8146.
519
What is the remainder when 139643253 is divided by 515?
488
Calculate the remainder when 694230 is divided by 8364.
18
Calculate the remainder when 53585739 is divided by 138.
63
Calculate the remainder when 1338950 is divided by 53556.
50
What is the remainder when 1106743 is divided by 460?
443
What is the remainder when 1244275 is divided by 621946?
383
What is the remainder when 48919309 is divided by 677?
643
What is the remainder when 269604 is divided by 219?
15
Calculate the remainder when 1014850 is divided by 507421.
8
What is the remainder when 117512 is divided by 111?
74
Calculate the remainder when 425496 is divided by 740.
736
What is the remainder when 68056604 is divided by 98?
14
What is the remainder when 39432 is divided by 1255?
527
Calculate the remainder when 97346413 is divided by 22.
21
Calculate the remainder when 2603924 is divided by 12702.
14
Calculate the remainder when 50784 is divided by 25383.
18
Calculate the remainder when 287700 is divided by 95153.
2241
What is the remainder when 23096022 is divided by 21?
12
Calculate the remainder when 35338625 is divided by 1538.
1537
Calculate the remainder when 52185554 is divided by 13046384.
18
What is the remainder when 1484218 is divided by 5559?
5524
What is the remainder when 1178322 is divided by 589139?
44
What is the remainder when 702653 is divided by 35132?
13
What is the remainder when 16965 is divided by 1860?
225
What is the remainder when 1195218 is divided by 55?
13
Calculate the remainder when 8318155 is divided by 3346.
3345
What is the remainder when 10096125 is divided by 1269?
1230
What is the remainder when 15580049 is divided by 5933?
5924
What is the remainder when 4694671 is divided by 782436?
55
What is the remainder when 763612 is divided by 14?
10
Calculate the remainder when 2363085 is divided by 25139.
19
What is the remainder when 947973 is divided by 2215?
2168
Calculate the remainder when 25559 is divided by 3450.
1409
Calculate the remainder when 240960 is divided by 5474.
104
What is the remainder when 29092926 is divided by 105?
51
Calculate the remainder when 689044 is divided by 439.
253
Calculate the remainder when 306638 is divided by 9883.
265
What is the remainder w